{"id":54,"date":"2008-09-17T16:53:25","date_gmt":"2008-09-17T21:53:25","guid":{"rendered":"http:\/\/dev.wpcoder.com\/dan\/wordpress\/?page_id=2"},"modified":"2018-07-28T17:57:28","modified_gmt":"2018-07-28T17:57:28","slug":"about","status":"publish","type":"page","link":"http:\/\/architekt.volkerpietsch.de\/?page_id=54","title":{"rendered":"About"},"content":{"rendered":"<p>Volker R. Pietsch, Dipl.-Ing. Architekt<\/p>\n<p><strong>Berufserfahrung<\/strong><br \/>\nseit 10.2014      _ Architekt im B\u00fcro <strong>Morese Architekten<\/strong>, Braunschweig<br \/>\n11.2011 _ Gr\u00fcndung des B\u00fcros <strong>volkerpietsch.architekt<\/strong>, Braunschweig<br \/>\n04.2010 &#8211; 07.2013 _ Mitglied des Aufsichtsrats, <strong>DEVIL AG<\/strong>, Braunschweig<br \/>\n04.2002 &#8211; 09.2009 _ Architekt im B\u00fcro<strong> GRS Reimer Architekten<\/strong>, Elmshorn\/Hamburg<br \/>\n02.2002 &#8211; 03.2002 _ Architekt bei <strong>JS Architekten<\/strong>, Braunschweig<br \/>\n09.2000 &#8211; 11.2000 _ Architekt\/Ausstellungsinszenierung f\u00fcr die <strong>AutoStadt<\/strong>, Wolfsburg<br \/>\n02.2000 &#8211; 09.2000 _ Architekt bei <strong>Jack Rouse Associates<\/strong>, Cincinnati\/Wolfsburg<br \/>\n01.1995 &#8211; 06.1995 _ InternArchitect bei <strong>Ralph F. Evans Architecture<\/strong>, Salt Lake City<\/p>\n<p><strong>Lehrerfahrung<\/strong><br \/>\nseit 10.2017      _ Lehrauftr\u00e4ge am <strong> Institut f\u00fcr Baukonstruktion<\/strong>, Prof. W. Kaag, TU Braunschweig<br \/>\n10.2009 &#8211; 09.2014 _ Wissenschaftlicher Mitarbeiter an der <strong>Technischen Universit\u00e4t\u00a0<\/strong><strong>Braunschweig:<\/strong><br \/>\n__\u00a010.2012 &#8211; 09.2014: <strong>ISU Institute for Sustainable Urbanism, <\/strong>Prof. Dr. V. M. Carlow<\/strong><br \/>\n__ 04.2010 &#8211; 09.2012: <strong>IS Institut f\u00fcr St\u00e4dtebau, <\/strong>Vertr.-Prof. Dr. J. Fiedler<br \/>\n__ 10.2009 &#8211; 03.2010: <strong>iSL Institut f\u00fcr St\u00e4dtebau und Landschaftsplanung<\/strong>, Prof. W. Ackers<\/p>\n<p><strong>Ausbildung<br \/>\n<\/strong>10.1995 &#8211; 11.2001 _ Studium der Architektur,<a title=\"TU Braunschweig\" href=\"http:\/\/www.tu-braunschweig.de\"><strong> TU Braunschweig<\/strong><\/a>, Braunschweig<br \/>\n08.1994 &#8211; 12.1994 _ Studium der Architektur, <a title=\"Salt Lake Community College\" href=\"http:\/\/www.slcc.edu\"><strong>SLCC<\/strong><\/a>, Salt Lake City<br \/>\n08.1992 &#8211; 01.1994 _ Ausbildung zum Beton-\/Stahlbetonbauer, <strong>BBS 2\/ Preusse GmbH<\/strong>, Braunschweig<br \/>\n06.1992 _ Abitur an der <strong>Neuen Oberschule<\/strong>, Braunschweig<\/p>\n<p><strong>Stipendium<\/strong><br \/>\n08.1994 &#8211; 07.1995 _ CongressBundestagYouthExchange Program (CBYX) \/ Parlamentarisches Patenschaftsprogramm (PPP)<\/p>\n<p><strong>Forschungsthemen<\/strong><br \/>\n\u2013 Kommodifizierung des Stadtraums \u2013 am Beispiel des Spielbudenplatzes, Hamburg<br \/>\n\u2013 Urbanes Vergn\u00fcgen \u2013 die Geschichte des Vergn\u00fcgens und die Entwicklung der Stadt<br \/>\n\u2013 Disneyisierung der Stadt und Gesellschaft<br \/>\n\u2013 Kleiner ist Besser \u2013 Tiny Housing<br \/>\n&#8211; Bauen ohne Handwerker<\/p>\n","protected":false},"excerpt":{"rendered":"<p>Volker R. Pietsch, Dipl.-Ing. Architekt Berufserfahrung seit 10.2014 _ Architekt im B\u00fcro Morese Architekten, Braunschweig 11.2011 _ Gr\u00fcndung des B\u00fcros volkerpietsch.architekt, Braunschweig 04.2010 &#8211; 07.2013 _ Mitglied des Aufsichtsrats, DEVIL AG, Braunschweig 04.2002 &#8211; 09.2009 _ Architekt im B\u00fcro GRS Reimer Architekten, Elmshorn\/Hamburg 02.2002 &#8211; 03.2002 _ Architekt bei JS Architekten, Braunschweig 09.2000 &#8211; 11.2000 [&hellip;]<\/p>\n","protected":false},"author":2,"featured_media":0,"parent":0,"menu_order":0,"comment_status":"open","ping_status":"open","template":"","meta":{"ngg_post_thumbnail":0,"footnotes":""},"class_list":["post-54","page","type-page","status-publish","hentry"],"_links":{"self":[{"href":"http:\/\/architekt.volkerpietsch.de\/index.php?rest_route=\/wp\/v2\/pages\/54","targetHints":{"allow":["GET"]}}],"collection":[{"href":"http:\/\/architekt.volkerpietsch.de\/index.php?rest_route=\/wp\/v2\/pages"}],"about":[{"href":"http:\/\/architekt.volkerpietsch.de\/index.php?rest_route=\/wp\/v2\/types\/page"}],"author":[{"embeddable":true,"href":"http:\/\/architekt.volkerpietsch.de\/index.php?rest_route=\/wp\/v2\/users\/2"}],"replies":[{"embeddable":true,"href":"http:\/\/architekt.volkerpietsch.de\/index.php?rest_route=%2Fwp%2Fv2%2Fcomments&post=54"}],"version-history":[{"count":17,"href":"http:\/\/architekt.volkerpietsch.de\/index.php?rest_route=\/wp\/v2\/pages\/54\/revisions"}],"predecessor-version":[{"id":1164,"href":"http:\/\/architekt.volkerpietsch.de\/index.php?rest_route=\/wp\/v2\/pages\/54\/revisions\/1164"}],"wp:attachment":[{"href":"http:\/\/architekt.volkerpietsch.de\/index.php?rest_route=%2Fwp%2Fv2%2Fmedia&parent=54"}],"curies":[{"name":"wp","href":"https:\/\/api.w.org\/{rel}","templated":true}]}}